te the remainder when l is divided by 4.
1
Suppose -h = 14 - 78. Let a be 817/9 - (-2)/9. Suppose 3*u - a = 3*v + 2*v, -3*v = 15. Calculate the remainder when h is divided by u.
20
Calculate the remainder when 89 - (3 - 1)*-2 is divided by 24.
21
Let f(x) = 4*x - 1. Let i be f(4). Let o = 12 + i. Suppose 4*h - 9 = o. What is the remainder when 15 is divided by h?
6
Let g = -12 + 20. Let j = 10 + -14. Calculate the remainder when 47 is divided by (g/6)/(j/(-48)).
15
Let b(z) = 0*z + 3*z**2 + 2 + 0*z + z**3 - 3*z. What is the remainder when b(-3) is divided by 6?
5
What is the remainder when 38 is divided by 3 - (14/(-1))/2?
8
Suppose 3*w = 4*w - 4. Suppose -2*v + 2*j + 2 = 0, 36 = -w*v - j - 3*j. What is the remainder when 2 is divided by (-6)/v*(-6)/(-9)?
0
Let z = 24 + -11. Suppose 11 = -2*o + 2*d + d, -19 = -2*o - 3*d. Suppose -72 = -o*r - 24. Calculate the remainder when r is divided by z.
11
Calculate the remainder when 44 is divided by 2 + (-36)/16*32/(-6).
2
Let a = 62 + -44. Suppose 3*r - r - 8 = 0. Suppose -2*f - r + 110 = 0. What is the remainder when f is divided by a?
17
Let j(r) = -39*r - 1. What is the remainder when j(-1) is divided by (-84)/(-8) + (-1)/2?
8
Let a be (-11286)/24 - (-2)/8. Suppose -d + 0*d + 25 = -w, 5*d + 5*w - 75 = 0. What is the remainder when a/(-8) - (-4)/16 is divided by d?
19
Suppose 5*c = v + 2*c - 43, 2*v + 2*c = 70. What is the remainder when v is divided by 11?
4
Suppose 3*x - 17 = -2. Suppose x*p + 228 = 5*t + 4*p, 4*t + p = 186. Calculate the remainder when t is divided by 16.
14
Let q(d) = 14*d**2 - d. Let x = -17 - -32. Calculate the remainder when q(-2) is divided by x.
13
Let g = -5 + 0. Let x = 2 - g. Calculate the remainder when x is divided by 5.
2
Suppose 0 = -3*y + 19 + 11. Let d = y - 2. Calculate the remainder when 15 is divided by d.
7
Suppose 3*t - 72 = -3. Let c = 14 - 1. What is the remainder when t is divided by c?
10
Let i(k) = 5*k**2 + 2*k. Let o be i(-2). Calculate the remainder when 3/12 - (-268)/o is divided by 6.
5
Let a(y) = y**2 + y - 4. Suppose -3*p + 9 = -6*p. Let f(d) = d**3 + 4*d**2 - 7. What is the remainder when a(-3) is divided by f(p)?
0
Suppose 5*s = 2*v + 29, 2*s + 0*v + 4*v = 26. Let q be 1/(10/(-6) - -2). Suppose 3*h = -6, d - 7 = q*h + 3. What is the remainder when s is divided by d?
3
Suppose 3*r + 297 = 3*t, 4 = -2*t - 2*t. Let x = 19 - r. Calculate the remainder when x is divided by 30.
29
Let u be ((-3)/(-3))/((-1)/(-3)). Suppose -u*t + 4*t - 5 = 0. Suppose 3*d - 59 = -2*a, 0*a - 14 = -2*d + t*a. Calculate the remainder when d is divided by 9.
8
Let a be (0 + -42 + -1)/1. Let d = -26 - a. What is the remainder when d is divided by 10?
7
Calculate the remainder when (444/(-16))/3*-4 is divided by 20.
17
Suppose -5*i - 4*c + 53 = 11, 5*i + 5*c - 40 = 0. Suppose 2*k + 46 = 4*k. Calculate the remainder when -2 + k - (2 - -1) is divided by i.
8
Suppose -3*l + 4*l = 6. Calculate the remainder when -1 + 28 - 2 - 3 is divided by l.
4
Suppose 5*j + 5*d - 84 - 11 = 0, j - d = 13. Calculate the remainder when 38 is divided by j.
6
Let g(z) = 5*z**2 + 4*z + 2. Let s be g(-3). Suppose -s = -2*d + 5. What is the remainder when d is divided by 7?
6
Suppose 2*j - 61 = -2*j + 3*a, -5*j - a + 100 = 0. Suppose 0*l - 168 = -3*l. What is the remainder when l is divided by j?
18
Suppose -2*m + 5*r = 8, 5*r = -0*r + 20. Let b(l) = l**2 - 7*l + 2. Let k be b(6). Let u = m - k. What is the remainder when 28 is divided by u?
8
Suppose 0 = -5*u - 3 + 78. Let y = 3 + 6. Calculate the remainder when u is divided by y.
6
Let w(r) = 2*r**2 - 3*r - 4. Let j be w(-3). Let z = 33 - j. Suppose 0 = -2*c + 4*c - 58. What is the remainder when c is divided by z?
9
Let n = 66 + -28. Calculate the remainder when n is divided by 20.
18
Suppose -3*x - o = -13, -3*o + 3 = -4*x + 42. Let j = -4 - -8. Suppose -2*m + 2*q = -4, -5*m - j*q + 24 + 4 = 0. What is the remainder when x is divided by m?
2
Suppose 0*m + 4*m = 0. Suppose -y - b = -5*b - 13, 5*y - 3*b - 65 = m. Suppose s + 2 - y = 0. What is the remainder when 20 is divided by s?
9
Suppose -28 = -7*d + 5*d. Calculate the remainder when 41 is divided by d.
13
Let y = 12 + -11. Calculate the remainder when (y + -173)/((-12)/6) is divided by 22.
20
Suppose -4 = 2*t - 20. Let g = 25 - t. What is the remainder when g is divided by 5?
2
Let v(a) = -a**2 + 5*a + 3. Suppose -4*d + 2*i + 19 + 15 = 0, 5*d - 50 = 4*i. Suppose 0 = -5*x + 14 + d. What is the remainder when 13 is divided by v(x)?
6
Let j(t) = -t**3 + 5*t**2 - 4*t + 2. Let z be j(4). Suppose -72 = -4*y + z*y. What is the remainder when y is divided by 19?
17
Let m = 1 + 2. Suppose m*n + 14 = 5*n. Calculate the remainder when 25 is divided by n.
4
Let s = -38 + 55. Calculate the remainder when 47 is divided by s.
13
Calculate the remainder when (-7 + 6)/(1/(-5)) is divided by 4.
1
Let z(y) = y + 1. Let x be z(8). Let j(q) = 4*q - 10. What is the remainder when 49 is divided by j(x)?
23
What is the remainder when 94 is divided by (-15)/(-10)*(160/(-3))/(-5)?
14
Let d = 40 - 26. What is the remainder when 39 is divided by d?
11
Let z = -7 + 11. Calculate the remainder when 17 is divided by 37/z - (-2)/(-8).
8
Let a = 140 + -86. Calculate the remainder when 267 is divided by a.
51
Suppose 28 = -2*b + 4*b. Calculate the remainder when (2 - 6) + 1 - -28 is divided by b.
11
Let m = -5 + 33. What is the remainder when 83 is divided by m?
27
Suppose 0*i + 2*i = 64. What is the remainder when i is divided by 12?
8
Suppose 2*i + 3 = o + 2, -4*o = i - 22. Calculate the remainder when 18 is divided by i.
0
Let a(t) = t**2 + 2*t - 5. Let z = -62 - -118. What is the remainder when z is divided by a(-6)?
18
Let h(p) = 2*p + 1. Let x = 8 + -7. Let m = 7 - x. What is the remainder when 38 is divided by h(m)?
12
Calculate the remainder when 7/3*78/13 is divided by 4.
2
Let u = 101 + -76. Calculate the remainder when u is divided by 9.
7
Suppose -25 = -x - 5*t, -3*x + 19 + 5 = -2*t. Calculate the remainder when 48 is divided by x.
8
Let z(u) = -3*u - 1. Suppose -5*f + 6 = -9. Calculate the remainder when f is divided by z(-1).
1
Let i(v) = 20*v**2 + v. Calculate the remainder when i(2) is divided by (-11)/((-11)/30) - 2.
26
Let o(z) = -3*z - 11. Let q be o(-9). Suppose 3*u = -u + q. Suppose s = 5*l + 33, -u*s + 4*l + 60 = 8. Calculate the remainder when 29 is divided by s.
5
Suppose -3*r + 6*b + 53 = 4*b, -5*b - 59 = -4*r. What is the remainder when r is divided by (4/6)/(1/18)?
9
Suppose -2*o - o = -9. Suppose z = -0 + 9. Calculate the remainder when z is divided by o.
0
Let i = 345 - 194. Suppose -z - 5*r - i = -4*z, 4*r - 16 = 0. What is the remainder when z is divided by 12?
9
Let c(p) = p**2 + 4*p + 1. Let k be c(4). Suppose -8*m + 4*m + 12 = 4*n, -k = -n + 5*m. What is the remainder when (-46 + 0)/2*-1 is divided by n?
7
Let l = 34 + 9. Calculate the remainder when l is divided by 9.
7
Let x be 6/(-4)*(-40 - -6). Let v = x + 3. What is the remainder when v is divided by 14?
12
Let t(h) = h**2 - 2*h - 47. Calculate the remainder when 44 is divided by t(9).
12
Let k = 46 + -20. Calculate the remainder when 49 is divided by k.
23
Let l = 278 - 161. Suppose -z + 68 = 3*i, 3*z = 3*i - 2*i - 36. What is the remainder when l is divided by i?
21
Let a = -32 + 53. Calculate the remainder when a is divided by 6.
3
Suppose 4*b + 495 = 59. Let l = 174 + b. What is the remainder when l is divided by 17?
14
Suppose 82*o - 116 = 78*o. What is the remainder when 144 is divided by o?
28
Suppose 0 = -h + 5*x + 10, 0 = -5*h + 5*x - 2*x - 60. Let n = -13 - h. Calculate the remainder when n is divided by 1.
0
Suppose 0 = 3*b + 4*s - 18, 0 = 3*b - s - 0*s - 33. Suppose h + 7 = a, 5*a + 5*h = 55 - b. What is the remainder when 29 is divided by a?
5
Let y = -151 - -181. What is the remainder when y is divided by 3?
0
Calculate the remainder when -2 - (-4 + 1 + -1) is divided by 0 + 0 + 2 - 1.
0
Let j be (0/2)/(-1) + 19. Suppose 2*z + 0 = 6. Suppose -3*u + 4*w = -29, j = 5*u + z*w - 10. Calculate the remainder when 13 is divided by u.
6
Suppose -22 - 14 = -3*w. Suppose w = 3*f + 3*a, 5*f = 4*a + a + 30. What is the remainder when 7 is divided by f?
2
Suppose 3*v - n = -68, -5*n + n = v + 27. Suppose 0 = -6*h + 2*h + 32. What is th